{"id":1039,"date":"2023-06-21T23:25:15","date_gmt":"2023-06-22T02:25:15","guid":{"rendered":"http:\/\/ladoasolucoes.com.br\/?page_id=1039"},"modified":"2023-06-22T01:15:31","modified_gmt":"2023-06-22T04:15:31","slug":"orcamento","status":"publish","type":"page","link":"https:\/\/ladoasolucoes.com.br\/index.php\/orcamento\/","title":{"rendered":"Or\u00e7amento"},"content":{"rendered":"\t\t<div data-elementor-type=\"wp-page\" data-elementor-id=\"1039\" class=\"elementor elementor-1039\" data-elementor-settings=\"[]\">\n\t\t\t\t\t\t\t<div class=\"elementor-section-wrap\">\n\t\t\t\t\t\t\t<section class=\"elementor-section elementor-top-section elementor-element elementor-element-199b656f elementor-section-height-min-height elementor-section-full_width elementor-section-height-default elementor-section-items-middle\" data-id=\"199b656f\" data-element_type=\"section\" data-settings=\"{&quot;background_background&quot;:&quot;classic&quot;}\">\n\t\t\t\t\t\t<div class=\"elementor-container elementor-column-gap-no\">\n\t\t\t\t\t<div class=\"elementor-column elementor-col-33 elementor-top-column elementor-element elementor-element-74aabf34\" data-id=\"74aabf34\" data-element_type=\"column\">\n\t\t\t<div class=\"elementor-widget-wrap elementor-element-populated\">\n\t\t\t\t\t\t\t\t<div class=\"elementor-element elementor-element-8b778d0 elementor-widget elementor-widget-site-logo\" data-id=\"8b778d0\" data-element_type=\"widget\" data-widget_type=\"site-logo.default\">\n\t\t\t\t<div class=\"elementor-widget-container\">\n\t\t\t\t\t<div class=\"hfe-site-logo\">\n\t\t\t\t\t\t\t\t\t\t\t\t\t<a data-elementor-open-lightbox=\"\"  class='elementor-clickable' href=\"https:\/\/ladoasolucoes.com.br\">\n\t\t\t\t\t\t\t<div class=\"hfe-site-logo-set\">           \n\t\t\t\t<div class=\"hfe-site-logo-container\">\n\t\t\t\t\t<img class=\"hfe-site-logo-img elementor-animation-\"  src=\"https:\/\/ladoasolucoes.com.br\/wp-content\/uploads\/2021\/06\/Logo-site-2.svg\" alt=\"\"\/>\n\t\t\t\t<\/div>\n\t\t\t<\/div>\n\t\t\t\t\t\t\t<\/a>\n\t\t\t\t\t\t<\/div>  \n\t\t\t\t\t<\/div>\n\t\t\t\t<\/div>\n\t\t\t\t\t<\/div>\n\t\t<\/div>\n\t\t\t\t<div class=\"elementor-column elementor-col-33 elementor-top-column elementor-element elementor-element-42f1f29c\" data-id=\"42f1f29c\" data-element_type=\"column\">\n\t\t\t<div class=\"elementor-widget-wrap elementor-element-populated\">\n\t\t\t\t\t\t\t\t<div class=\"elementor-element elementor-element-278c7de9 elementor-widget elementor-widget-ekit-nav-menu\" data-id=\"278c7de9\" data-element_type=\"widget\" data-widget_type=\"ekit-nav-menu.default\">\n\t\t\t\t<div class=\"elementor-widget-container\">\n\t\t\t<div class=\"ekit-wid-con ekit_menu_responsive_tablet\" data-hamburger-icon=\"icon icon-menu-7\" data-hamburger-icon-type=\"icon\" data-responsive-breakpoint=\"1024\">            <button class=\"elementskit-menu-hamburger elementskit-menu-toggler\">\n                <i aria-hidden=\"true\" class=\"ekit-menu-icon icon icon-menu-7\"><\/i>            <\/button>\n            <div id=\"ekit-megamenu-menu\" class=\"elementskit-menu-container elementskit-menu-offcanvas-elements elementskit-navbar-nav-default elementskit_plus_icon ekit-nav-menu-one-page-\"><ul id=\"main-menu\" class=\"elementskit-navbar-nav elementskit-menu-po-center submenu-click-on-icon\"><li id=\"menu-item-323\" class=\"menu-item menu-item-type-post_type menu-item-object-page menu-item-home menu-item-323 nav-item elementskit-mobile-builder-content\" data-vertical-menu=750px><a href=\"https:\/\/ladoasolucoes.com.br\/\" class=\"ekit-menu-nav-link\">home<\/a><\/li>\n<li id=\"menu-item-475\" class=\"menu-item menu-item-type-post_type menu-item-object-page menu-item-475 nav-item elementskit-mobile-builder-content\" data-vertical-menu=750px><a href=\"https:\/\/ladoasolucoes.com.br\/index.php\/portfolio\/\" class=\"ekit-menu-nav-link\">portf\u00f3lio<\/a><\/li>\n<li id=\"menu-item-1104\" class=\"menu-item menu-item-type-post_type menu-item-object-page menu-item-1104 nav-item elementskit-mobile-builder-content\" data-vertical-menu=750px><a href=\"https:\/\/ladoasolucoes.com.br\/index.php\/orcamento\/\" class=\"ekit-menu-nav-link\">or\u00e7amento<\/a><\/li>\n<li id=\"menu-item-482\" class=\"menu-item menu-item-type-post_type menu-item-object-page menu-item-482 nav-item elementskit-mobile-builder-content\" data-vertical-menu=750px><a href=\"https:\/\/ladoasolucoes.com.br\/index.php\/contato\/\" class=\"ekit-menu-nav-link\">contato<\/a><\/li>\n<\/ul>\n\t\t\t\t<div class=\"elementskit-nav-identity-panel\">\n\t\t\t\t\t<div class=\"elementskit-site-title\">\n\t\t\t\t\t\t<a class=\"elementskit-nav-logo\" href=\"https:\/\/ladoasolucoes.com.br\" target=\"_self\" rel=\"\">\n\t\t\t\t\t\t\t<img src=\"\" alt=\"\">\n\t\t\t\t\t\t<\/a>\n\t\t\t\t\t<\/div>\n\t\t\t\t\t<button class=\"elementskit-menu-close elementskit-menu-toggler\" type=\"button\">X<\/button>\n\t\t\t\t<\/div>\n\t\t\t<\/div><div class=\"elementskit-menu-overlay elementskit-menu-offcanvas-elements elementskit-menu-toggler ekit-nav-menu--overlay\"><\/div><\/div>\t\t<\/div>\n\t\t\t\t<\/div>\n\t\t\t\t\t<\/div>\n\t\t<\/div>\n\t\t\t\t<div class=\"elementor-column elementor-col-33 elementor-top-column elementor-element elementor-element-597055b2 elementor-hidden-tablet elementor-hidden-phone\" data-id=\"597055b2\" data-element_type=\"column\">\n\t\t\t<div class=\"elementor-widget-wrap elementor-element-populated\">\n\t\t\t\t\t\t\t\t<div class=\"elementor-element elementor-element-96ed33c e-grid-align-right elementor-shape-rounded elementor-grid-0 elementor-widget elementor-widget-social-icons\" data-id=\"96ed33c\" data-element_type=\"widget\" data-widget_type=\"social-icons.default\">\n\t\t\t\t<div class=\"elementor-widget-container\">\n\t\t\t\t\t<div class=\"elementor-social-icons-wrapper elementor-grid\">\n\t\t\t\t\t\t\t<div class=\"elementor-grid-item\">\n\t\t\t\t\t<a class=\"elementor-icon elementor-social-icon elementor-social-icon-instagram elementor-repeater-item-1ea6f84\" href=\"https:\/\/www.instagram.com\/ladoasolucoesdigitais\/\" target=\"_blank\">\n\t\t\t\t\t\t<span class=\"elementor-screen-only\">Instagram<\/span>\n\t\t\t\t\t\t<i class=\"fab fa-instagram\"><\/i>\t\t\t\t\t<\/a>\n\t\t\t\t<\/div>\n\t\t\t\t\t\t\t<div class=\"elementor-grid-item\">\n\t\t\t\t\t<a class=\"elementor-icon elementor-social-icon elementor-social-icon-whatsapp elementor-repeater-item-1332493\" href=\"https:\/\/api.whatsapp.com\/send?phone=5541988036838\" target=\"_blank\">\n\t\t\t\t\t\t<span class=\"elementor-screen-only\">Whatsapp<\/span>\n\t\t\t\t\t\t<i class=\"fab fa-whatsapp\"><\/i>\t\t\t\t\t<\/a>\n\t\t\t\t<\/div>\n\t\t\t\t\t<\/div>\n\t\t\t\t<\/div>\n\t\t\t\t<\/div>\n\t\t\t\t\t<\/div>\n\t\t<\/div>\n\t\t\t\t\t\t\t<\/div>\n\t\t<\/section>\n\t\t\t\t<section class=\"elementor-section elementor-top-section elementor-element elementor-element-6345d103 elementor-section-height-min-height elementor-section-boxed elementor-section-height-default elementor-section-items-middle\" data-id=\"6345d103\" data-element_type=\"section\" data-settings=\"{&quot;background_background&quot;:&quot;video&quot;,&quot;background_video_link&quot;:&quot;https:\\\/\\\/www.youtube.com\\\/watch?v=UZsCdR-Yq3s&quot;,&quot;background_video_start&quot;:4,&quot;background_video_end&quot;:42}\">\n\t\t\t\t\t\t\t\t<div class=\"elementor-background-video-container elementor-hidden-phone\">\n\t\t\t\t\t\t\t\t\t\t\t\t\t<div class=\"elementor-background-video-embed\"><\/div>\n\t\t\t\t\t\t\t\t\t\t\t\t<\/div>\n\t\t\t\t\t\t\t\t\t<div class=\"elementor-background-overlay\"><\/div>\n\t\t\t\t\t\t\t<div class=\"elementor-container elementor-column-gap-no\">\n\t\t\t\t\t<div class=\"elementor-column elementor-col-100 elementor-top-column elementor-element elementor-element-b617a7f\" data-id=\"b617a7f\" data-element_type=\"column\">\n\t\t\t<div class=\"elementor-widget-wrap elementor-element-populated\">\n\t\t\t\t\t\t\t\t<div class=\"elementor-element elementor-element-880f99f elementor-widget elementor-widget-heading\" data-id=\"880f99f\" data-element_type=\"widget\" data-widget_type=\"heading.default\">\n\t\t\t\t<div class=\"elementor-widget-container\">\n\t\t\t<h2 class=\"elementor-heading-title elementor-size-default\">OR\u00c7AMENTO<\/h2>\t\t<\/div>\n\t\t\t\t<\/div>\n\t\t\t\t\t<\/div>\n\t\t<\/div>\n\t\t\t\t\t\t\t<\/div>\n\t\t<\/section>\n\t\t\t\t<section class=\"elementor-section elementor-top-section elementor-element elementor-element-06e3b60 elementor-section-full_width elementor-section-height-default elementor-section-height-default\" data-id=\"06e3b60\" data-element_type=\"section\">\n\t\t\t\t\t\t<div class=\"elementor-container elementor-column-gap-default\">\n\t\t\t\t\t<div class=\"elementor-column elementor-col-100 elementor-top-column elementor-element elementor-element-1c8d412\" data-id=\"1c8d412\" data-element_type=\"column\">\n\t\t\t<div class=\"elementor-widget-wrap elementor-element-populated\">\n\t\t\t\t\t\t\t\t<div class=\"elementor-element elementor-element-f9d00f1 elementor-invisible elementor-widget elementor-widget-heading\" data-id=\"f9d00f1\" data-element_type=\"widget\" data-settings=\"{&quot;_animation&quot;:&quot;fadeInDown&quot;}\" data-widget_type=\"heading.default\">\n\t\t\t\t<div class=\"elementor-widget-container\">\n\t\t\t<h2 class=\"elementor-heading-title elementor-size-default\">Como podemos ajud\u00e1-lo?<\/h2>\t\t<\/div>\n\t\t\t\t<\/div>\n\t\t\t\t\t<\/div>\n\t\t<\/div>\n\t\t\t\t\t\t\t<\/div>\n\t\t<\/section>\n\t\t\t\t<section class=\"elementor-section elementor-top-section elementor-element elementor-element-e3c1cc9 elementor-section-boxed elementor-section-height-default elementor-section-height-default\" data-id=\"e3c1cc9\" data-element_type=\"section\">\n\t\t\t\t\t\t<div class=\"elementor-container elementor-column-gap-default\">\n\t\t\t\t\t<div class=\"elementor-column elementor-col-100 elementor-top-column elementor-element elementor-element-0e4a6a5\" data-id=\"0e4a6a5\" data-element_type=\"column\">\n\t\t\t<div class=\"elementor-widget-wrap elementor-element-populated\">\n\t\t\t\t\t\t\t\t<div class=\"elementor-element elementor-element-fd80ea2 elementor-widget elementor-widget-wpforms\" data-id=\"fd80ea2\" data-element_type=\"widget\" data-widget_type=\"wpforms.default\">\n\t\t\t\t<div class=\"elementor-widget-container\">\n\t\t\t<div class=\"wpforms-container wpforms-container-full\" id=\"wpforms-1086\"><form id=\"wpforms-form-1086\" class=\"wpforms-validate wpforms-form\" data-formid=\"1086\" method=\"post\" enctype=\"multipart\/form-data\" action=\"\/index.php\/wp-json\/wp\/v2\/pages\/1039\" data-token=\"43b31a0f83750e217f204b6f7a8cecca\"><noscript class=\"wpforms-error-noscript\">Ative o JavaScript no seu navegador para preencher este formul\u00e1rio.<\/noscript><div class=\"wpforms-field-container\"><div id=\"wpforms-1086-field_3-container\" class=\"wpforms-field wpforms-field-checkbox wpforms-list-inline\" data-field-id=\"3\"><label class=\"wpforms-field-label\" for=\"wpforms-1086-field_3\">Preciso de:<\/label><ul id=\"wpforms-1086-field_3\"><li class=\"choice-1 depth-1\"><input type=\"checkbox\" id=\"wpforms-1086-field_3_1\" name=\"wpforms[fields][3][]\" value=\"Site institucional\"  ><label class=\"wpforms-field-label-inline\" for=\"wpforms-1086-field_3_1\">Site institucional<\/label><\/li><li class=\"choice-2 depth-1\"><input type=\"checkbox\" id=\"wpforms-1086-field_3_2\" name=\"wpforms[fields][3][]\" value=\"E-commerce\"  ><label class=\"wpforms-field-label-inline\" for=\"wpforms-1086-field_3_2\">E-commerce<\/label><\/li><li class=\"choice-3 depth-1\"><input type=\"checkbox\" id=\"wpforms-1086-field_3_3\" name=\"wpforms[fields][3][]\" value=\"Logo\"  ><label class=\"wpforms-field-label-inline\" for=\"wpforms-1086-field_3_3\">Logo<\/label><\/li><li class=\"choice-6 depth-1\"><input type=\"checkbox\" id=\"wpforms-1086-field_3_6\" name=\"wpforms[fields][3][]\" value=\"Edi\u00e7\u00e3o de v\u00eddeo\"  ><label class=\"wpforms-field-label-inline\" for=\"wpforms-1086-field_3_6\">Edi\u00e7\u00e3o de v\u00eddeo<\/label><\/li><li class=\"choice-7 depth-1\"><input type=\"checkbox\" id=\"wpforms-1086-field_3_7\" name=\"wpforms[fields][3][]\" value=\"Edi\u00e7\u00e3o de foto\"  ><label class=\"wpforms-field-label-inline\" for=\"wpforms-1086-field_3_7\">Edi\u00e7\u00e3o de foto<\/label><\/li><li class=\"choice-8 depth-1\"><input type=\"checkbox\" id=\"wpforms-1086-field_3_8\" name=\"wpforms[fields][3][]\" value=\"Cart\u00e3o de visita\"  ><label class=\"wpforms-field-label-inline\" for=\"wpforms-1086-field_3_8\">Cart\u00e3o de visita<\/label><\/li><li class=\"choice-9 depth-1\"><input type=\"checkbox\" id=\"wpforms-1086-field_3_9\" name=\"wpforms[fields][3][]\" value=\"Outros\"  ><label class=\"wpforms-field-label-inline\" for=\"wpforms-1086-field_3_9\">Outros<\/label><\/li><\/ul><div class=\"wpforms-field-description\">Voc\u00ea pode selecionar v\u00e1rias op\u00e7\u00f5es.\r\n<br><br><\/div><\/div><div id=\"wpforms-1086-field_4-container\" class=\"wpforms-field wpforms-field-checkbox wpforms-list-inline\" data-field-id=\"4\"><label class=\"wpforms-field-label\" for=\"wpforms-1086-field_4\">Budget dispon\u00edvel:<\/label><ul id=\"wpforms-1086-field_4\"><li class=\"choice-1 depth-1\"><input type=\"checkbox\" id=\"wpforms-1086-field_4_1\" name=\"wpforms[fields][4][]\" value=\"Menos de R$500,00\"  ><label class=\"wpforms-field-label-inline\" for=\"wpforms-1086-field_4_1\">Menos de R$500,00<\/label><\/li><li class=\"choice-2 depth-1\"><input type=\"checkbox\" id=\"wpforms-1086-field_4_2\" name=\"wpforms[fields][4][]\" value=\"De R$500,00 a R$1.000,00\"  ><label class=\"wpforms-field-label-inline\" for=\"wpforms-1086-field_4_2\">De R$500,00 a R$1.000,00<\/label><\/li><li class=\"choice-3 depth-1\"><input type=\"checkbox\" id=\"wpforms-1086-field_4_3\" name=\"wpforms[fields][4][]\" value=\"De R$1.000,00 a R$2.000,00\"  ><label class=\"wpforms-field-label-inline\" for=\"wpforms-1086-field_4_3\">De R$1.000,00 a R$2.000,00<\/label><\/li><li class=\"choice-4 depth-1\"><input type=\"checkbox\" id=\"wpforms-1086-field_4_4\" name=\"wpforms[fields][4][]\" value=\"De R$2.000,00 a R$3.000,00\"  ><label class=\"wpforms-field-label-inline\" for=\"wpforms-1086-field_4_4\">De R$2.000,00 a R$3.000,00<\/label><\/li><li class=\"choice-5 depth-1\"><input type=\"checkbox\" id=\"wpforms-1086-field_4_5\" name=\"wpforms[fields][4][]\" value=\"Mais de R$3.000,00\"  ><label class=\"wpforms-field-label-inline\" for=\"wpforms-1086-field_4_5\">Mais de R$3.000,00<\/label><\/li><\/ul><div class=\"wpforms-field-description\">Quanto voc\u00ea tem dispon\u00edvel para gastar neste projeto?\r\n<br><br><\/div><\/div><div id=\"wpforms-1086-field_0-container\" class=\"wpforms-field wpforms-field-name\" data-field-id=\"0\"><label class=\"wpforms-field-label\" for=\"wpforms-1086-field_0\">Nome completo <span class=\"wpforms-required-label\">*<\/span><\/label><input type=\"text\" id=\"wpforms-1086-field_0\" class=\"wpforms-field-large wpforms-field-required\" name=\"wpforms[fields][0]\" required><\/div><div id=\"wpforms-1086-field_5-container\" class=\"wpforms-field wpforms-field-number\" data-field-id=\"5\"><label class=\"wpforms-field-label\" for=\"wpforms-1086-field_5\">Telefone (whatsapp) <span class=\"wpforms-required-label\">*<\/span><\/label><input type=\"number\" pattern=\"\\d*\" id=\"wpforms-1086-field_5\" class=\"wpforms-field-large wpforms-field-required\" name=\"wpforms[fields][5]\" required><\/div><div id=\"wpforms-1086-field_1-container\" class=\"wpforms-field wpforms-field-email\" data-field-id=\"1\"><label class=\"wpforms-field-label\" for=\"wpforms-1086-field_1\">E-mail <span class=\"wpforms-required-label\">*<\/span><\/label><input type=\"email\" id=\"wpforms-1086-field_1\" class=\"wpforms-field-large wpforms-field-required\" name=\"wpforms[fields][1]\" required><\/div><div id=\"wpforms-1086-field_2-container\" class=\"wpforms-field wpforms-field-textarea\" data-field-id=\"2\"><label class=\"wpforms-field-label\" for=\"wpforms-1086-field_2\">Fa\u00e7a uma breve descri\u00e7\u00e3o do seu projeto <span class=\"wpforms-required-label\">*<\/span><\/label><textarea id=\"wpforms-1086-field_2\" class=\"wpforms-field-medium wpforms-field-required\" name=\"wpforms[fields][2]\" required><\/textarea><\/div><\/div><div class=\"wpforms-submit-container\" ><input type=\"hidden\" name=\"wpforms[id]\" value=\"1086\"><input type=\"hidden\" name=\"wpforms[author]\" value=\"1\"><button type=\"submit\" name=\"wpforms[submit]\" class=\"wpforms-submit \" id=\"wpforms-submit-1086\" value=\"wpforms-submit\" aria-live=\"assertive\" data-alt-text=\"Enviando...\" data-submit-text=\"Enviar\">Enviar<\/button><\/div><\/form><\/div>  <!-- .wpforms-container -->\t\t<\/div>\n\t\t\t\t<\/div>\n\t\t\t\t\t<\/div>\n\t\t<\/div>\n\t\t\t\t\t\t\t<\/div>\n\t\t<\/section>\n\t\t\t\t<section class=\"elementor-section elementor-top-section elementor-element elementor-element-4216afb elementor-section-boxed elementor-section-height-default elementor-section-height-default\" data-id=\"4216afb\" data-element_type=\"section\">\n\t\t\t\t\t\t<div class=\"elementor-container elementor-column-gap-default\">\n\t\t\t\t\t<div class=\"elementor-column elementor-col-100 elementor-top-column elementor-element elementor-element-8690582\" data-id=\"8690582\" data-element_type=\"column\">\n\t\t\t<div class=\"elementor-widget-wrap elementor-element-populated\">\n\t\t\t\t\t\t\t\t<div class=\"elementor-element elementor-element-9078dca elementor-widget elementor-widget-text-editor\" data-id=\"9078dca\" data-element_type=\"widget\" data-widget_type=\"text-editor.default\">\n\t\t\t\t<div class=\"elementor-widget-container\">\n\t\t\t\t\t\t\t\t<p>Lado A &#8211; Solu\u00e7\u00f5es Digitais<\/p>\t\t\t\t\t\t<\/div>\n\t\t\t\t<\/div>\n\t\t\t\t\t<\/div>\n\t\t<\/div>\n\t\t\t\t\t\t\t<\/div>\n\t\t<\/section>\n\t\t\t\t\t\t<\/div>\n\t\t\t\t\t<\/div>\n\t\t","protected":false},"excerpt":{"rendered":"<p>home logo site todos os servi\u00e7os portf\u00f3lio contato X Instagram Whatsapp OR\u00c7AMENTO Como podemos ajud\u00e1-lo? Lado A &#8211; Solu\u00e7\u00f5es Digitais<\/p>\n","protected":false},"author":1,"featured_media":0,"parent":0,"menu_order":0,"comment_status":"closed","ping_status":"closed","template":"elementor_canvas","meta":[],"_links":{"self":[{"href":"https:\/\/ladoasolucoes.com.br\/index.php\/wp-json\/wp\/v2\/pages\/1039"}],"collection":[{"href":"https:\/\/ladoasolucoes.com.br\/index.php\/wp-json\/wp\/v2\/pages"}],"about":[{"href":"https:\/\/ladoasolucoes.com.br\/index.php\/wp-json\/wp\/v2\/types\/page"}],"author":[{"embeddable":true,"href":"https:\/\/ladoasolucoes.com.br\/index.php\/wp-json\/wp\/v2\/users\/1"}],"replies":[{"embeddable":true,"href":"https:\/\/ladoasolucoes.com.br\/index.php\/wp-json\/wp\/v2\/comments?post=1039"}],"version-history":[{"count":46,"href":"https:\/\/ladoasolucoes.com.br\/index.php\/wp-json\/wp\/v2\/pages\/1039\/revisions"}],"predecessor-version":[{"id":1092,"href":"https:\/\/ladoasolucoes.com.br\/index.php\/wp-json\/wp\/v2\/pages\/1039\/revisions\/1092"}],"wp:attachment":[{"href":"https:\/\/ladoasolucoes.com.br\/index.php\/wp-json\/wp\/v2\/media?parent=1039"}],"curies":[{"name":"wp","href":"https:\/\/api.w.org\/{rel}","templated":true}]}}